{"id":1340,"date":"2015-09-24T16:42:03","date_gmt":"2015-09-24T15:42:03","guid":{"rendered":"http:\/\/www.fincajohanna.com\/wp-content\/uploads\/2015\/09\/Hoteles_-Siete-alojamientos-nudistas-en-Espa\u00f1a-_-El-Viajero-_-EL-PA\u00cdS-Page-1.pdf"},"modified":"2015-09-24T16:42:03","modified_gmt":"2015-09-24T15:42:03","slug":"hoteles_-siete-alojamientos-nudistas-en-espana-_-el-viajero-_-el-pais-page-1-6-3","status":"inherit","type":"attachment","link":"https:\/\/www.fincajohanna.com\/de\/el-pais-august-2015\/hoteles_-siete-alojamientos-nudistas-en-espana-_-el-viajero-_-el-pais-page-1-6-3\/","title":{"rendered":"Hoteles_-Siete-alojamientos-nudistas-en-Espa\u00f1a-_-El-Viajero-_-EL-PA\u00cdS-Page-1"},"author":1,"featured_media":0,"comment_status":"closed","ping_status":"closed","template":"","meta":{"jetpack_post_was_ever_published":false},"yoast_head":"<!-- This site is optimized with the Yoast SEO plugin v24.5 - https:\/\/yoast.com\/wordpress\/plugins\/seo\/ -->\n<title>Hoteles_-Siete-alojamientos-nudistas-en-Espa\u00f1a-_-El-Viajero-_-EL-PA\u00cdS-Page-1 - Finca Johanna<\/title>\n<meta name=\"robots\" content=\"index, follow, max-snippet:-1, max-image-preview:large, max-video-preview:-1\" \/>\n<link rel=\"canonical\" href=\"https:\/\/www.fincajohanna.com\/wp-content\/uploads\/2015\/09\/Hoteles_-Siete-alojamientos-nudistas-en-Espa\u00f1a-_-El-Viajero-_-EL-PA\u00cdS-Page-1.pdf\" \/>\n<meta property=\"og:locale\" content=\"de_DE\" \/>\n<meta property=\"og:type\" content=\"article\" \/>\n<meta property=\"og:title\" content=\"Hoteles_-Siete-alojamientos-nudistas-en-Espa\u00f1a-_-El-Viajero-_-EL-PA\u00cdS-Page-1 - Finca Johanna\" \/>\n<meta property=\"og:description\" content=\"Hoteles_-Siete-alojamientos-nudistas-en-Espa\u00f1a-_-El-Viajero-_-EL-PA\u00cdS-Page-1\" \/>\n<meta property=\"og:url\" content=\"https:\/\/www.fincajohanna.com\/wp-content\/uploads\/2015\/09\/Hoteles_-Siete-alojamientos-nudistas-en-Espa\u00f1a-_-El-Viajero-_-EL-PA\u00cdS-Page-1.pdf\" \/>\n<meta property=\"og:site_name\" content=\"Finca Johanna\" \/>\n<meta property=\"article:publisher\" content=\"https:\/\/www.facebook.com\/proyecto.malaga.natura?fref=ts\" \/>\n<script type=\"application\/ld+json\" class=\"yoast-schema-graph\">{\"@context\":\"https:\/\/schema.org\",\"@graph\":[{\"@type\":\"WebPage\",\"@id\":\"https:\/\/www.fincajohanna.com\/wp-content\/uploads\/2015\/09\/Hoteles_-Siete-alojamientos-nudistas-en-Espa\u00f1a-_-El-Viajero-_-EL-PA\u00cdS-Page-1.pdf\",\"url\":\"https:\/\/www.fincajohanna.com\/wp-content\/uploads\/2015\/09\/Hoteles_-Siete-alojamientos-nudistas-en-Espa\u00f1a-_-El-Viajero-_-EL-PA\u00cdS-Page-1.pdf\",\"name\":\"Hoteles_-Siete-alojamientos-nudistas-en-Espa\u00f1a-_-El-Viajero-_-EL-PA\u00cdS-Page-1 - Finca Johanna\",\"isPartOf\":{\"@id\":\"https:\/\/www.fincajohanna.com\/de\/#website\"},\"datePublished\":\"2015-09-24T15:42:03+00:00\",\"breadcrumb\":{\"@id\":\"https:\/\/www.fincajohanna.com\/wp-content\/uploads\/2015\/09\/Hoteles_-Siete-alojamientos-nudistas-en-Espa\u00f1a-_-El-Viajero-_-EL-PA\u00cdS-Page-1.pdf#breadcrumb\"},\"inLanguage\":\"de\",\"potentialAction\":[{\"@type\":\"ReadAction\",\"target\":[\"https:\/\/www.fincajohanna.com\/wp-content\/uploads\/2015\/09\/Hoteles_-Siete-alojamientos-nudistas-en-Espa\u00f1a-_-El-Viajero-_-EL-PA\u00cdS-Page-1.pdf\"]}]},{\"@type\":\"BreadcrumbList\",\"@id\":\"https:\/\/www.fincajohanna.com\/wp-content\/uploads\/2015\/09\/Hoteles_-Siete-alojamientos-nudistas-en-Espa\u00f1a-_-El-Viajero-_-EL-PA\u00cdS-Page-1.pdf#breadcrumb\",\"itemListElement\":[{\"@type\":\"ListItem\",\"position\":1,\"name\":\"Accueil\",\"item\":\"https:\/\/www.fincajohanna.com\/de\/\"},{\"@type\":\"ListItem\",\"position\":2,\"name\":\"El Pais August 2015\",\"item\":\"https:\/\/www.fincajohanna.com\/de\/el-pais-august-2015\/\"},{\"@type\":\"ListItem\",\"position\":3,\"name\":\"Hoteles_-Siete-alojamientos-nudistas-en-Espa\u00f1a-_-El-Viajero-_-EL-PA\u00cdS-Page-1\"}]},{\"@type\":\"WebSite\",\"@id\":\"https:\/\/www.fincajohanna.com\/de\/#website\",\"url\":\"https:\/\/www.fincajohanna.com\/de\/\",\"name\":\"Finca Johanna\",\"description\":\"FKK G\u00e4stehaus in Andalusien\",\"publisher\":{\"@id\":\"https:\/\/www.fincajohanna.com\/de\/#organization\"},\"potentialAction\":[{\"@type\":\"SearchAction\",\"target\":{\"@type\":\"EntryPoint\",\"urlTemplate\":\"https:\/\/www.fincajohanna.com\/de\/?s={search_term_string}\"},\"query-input\":{\"@type\":\"PropertyValueSpecification\",\"valueRequired\":true,\"valueName\":\"search_term_string\"}}],\"inLanguage\":\"de\"},{\"@type\":\"Organization\",\"@id\":\"https:\/\/www.fincajohanna.com\/de\/#organization\",\"name\":\"Finca Johanna\",\"url\":\"https:\/\/www.fincajohanna.com\/de\/\",\"logo\":{\"@type\":\"ImageObject\",\"inLanguage\":\"de\",\"@id\":\"https:\/\/www.fincajohanna.com\/de\/#\/schema\/logo\/image\/\",\"url\":\"https:\/\/www.fincajohanna.com\/wp-content\/uploads\/2020\/04\/cropped-headerO.png\",\"contentUrl\":\"https:\/\/www.fincajohanna.com\/wp-content\/uploads\/2020\/04\/cropped-headerO.png\",\"width\":989,\"height\":446,\"caption\":\"Finca Johanna\"},\"image\":{\"@id\":\"https:\/\/www.fincajohanna.com\/de\/#\/schema\/logo\/image\/\"},\"sameAs\":[\"https:\/\/www.facebook.com\/proyecto.malaga.natura?fref=ts\",\"https:\/\/x.com\/fincajohanna\"]}]}<\/script>\n<!-- \/ Yoast SEO plugin. -->","yoast_head_json":{"title":"Hoteles_-Siete-alojamientos-nudistas-en-Espa\u00f1a-_-El-Viajero-_-EL-PA\u00cdS-Page-1 - Finca Johanna","robots":{"index":"index","follow":"follow","max-snippet":"max-snippet:-1","max-image-preview":"max-image-preview:large","max-video-preview":"max-video-preview:-1"},"canonical":"https:\/\/www.fincajohanna.com\/wp-content\/uploads\/2015\/09\/Hoteles_-Siete-alojamientos-nudistas-en-Espa\u00f1a-_-El-Viajero-_-EL-PA\u00cdS-Page-1.pdf","og_locale":"de_DE","og_type":"article","og_title":"Hoteles_-Siete-alojamientos-nudistas-en-Espa\u00f1a-_-El-Viajero-_-EL-PA\u00cdS-Page-1 - Finca Johanna","og_description":"Hoteles_-Siete-alojamientos-nudistas-en-Espa\u00f1a-_-El-Viajero-_-EL-PA\u00cdS-Page-1","og_url":"https:\/\/www.fincajohanna.com\/wp-content\/uploads\/2015\/09\/Hoteles_-Siete-alojamientos-nudistas-en-Espa\u00f1a-_-El-Viajero-_-EL-PA\u00cdS-Page-1.pdf","og_site_name":"Finca Johanna","article_publisher":"https:\/\/www.facebook.com\/proyecto.malaga.natura?fref=ts","schema":{"@context":"https:\/\/schema.org","@graph":[{"@type":"WebPage","@id":"https:\/\/www.fincajohanna.com\/wp-content\/uploads\/2015\/09\/Hoteles_-Siete-alojamientos-nudistas-en-Espa\u00f1a-_-El-Viajero-_-EL-PA\u00cdS-Page-1.pdf","url":"https:\/\/www.fincajohanna.com\/wp-content\/uploads\/2015\/09\/Hoteles_-Siete-alojamientos-nudistas-en-Espa\u00f1a-_-El-Viajero-_-EL-PA\u00cdS-Page-1.pdf","name":"Hoteles_-Siete-alojamientos-nudistas-en-Espa\u00f1a-_-El-Viajero-_-EL-PA\u00cdS-Page-1 - Finca Johanna","isPartOf":{"@id":"https:\/\/www.fincajohanna.com\/de\/#website"},"datePublished":"2015-09-24T15:42:03+00:00","breadcrumb":{"@id":"https:\/\/www.fincajohanna.com\/wp-content\/uploads\/2015\/09\/Hoteles_-Siete-alojamientos-nudistas-en-Espa\u00f1a-_-El-Viajero-_-EL-PA\u00cdS-Page-1.pdf#breadcrumb"},"inLanguage":"de","potentialAction":[{"@type":"ReadAction","target":["https:\/\/www.fincajohanna.com\/wp-content\/uploads\/2015\/09\/Hoteles_-Siete-alojamientos-nudistas-en-Espa\u00f1a-_-El-Viajero-_-EL-PA\u00cdS-Page-1.pdf"]}]},{"@type":"BreadcrumbList","@id":"https:\/\/www.fincajohanna.com\/wp-content\/uploads\/2015\/09\/Hoteles_-Siete-alojamientos-nudistas-en-Espa\u00f1a-_-El-Viajero-_-EL-PA\u00cdS-Page-1.pdf#breadcrumb","itemListElement":[{"@type":"ListItem","position":1,"name":"Accueil","item":"https:\/\/www.fincajohanna.com\/de\/"},{"@type":"ListItem","position":2,"name":"El Pais August 2015","item":"https:\/\/www.fincajohanna.com\/de\/el-pais-august-2015\/"},{"@type":"ListItem","position":3,"name":"Hoteles_-Siete-alojamientos-nudistas-en-Espa\u00f1a-_-El-Viajero-_-EL-PA\u00cdS-Page-1"}]},{"@type":"WebSite","@id":"https:\/\/www.fincajohanna.com\/de\/#website","url":"https:\/\/www.fincajohanna.com\/de\/","name":"Finca Johanna","description":"FKK G\u00e4stehaus in Andalusien","publisher":{"@id":"https:\/\/www.fincajohanna.com\/de\/#organization"},"potentialAction":[{"@type":"SearchAction","target":{"@type":"EntryPoint","urlTemplate":"https:\/\/www.fincajohanna.com\/de\/?s={search_term_string}"},"query-input":{"@type":"PropertyValueSpecification","valueRequired":true,"valueName":"search_term_string"}}],"inLanguage":"de"},{"@type":"Organization","@id":"https:\/\/www.fincajohanna.com\/de\/#organization","name":"Finca Johanna","url":"https:\/\/www.fincajohanna.com\/de\/","logo":{"@type":"ImageObject","inLanguage":"de","@id":"https:\/\/www.fincajohanna.com\/de\/#\/schema\/logo\/image\/","url":"https:\/\/www.fincajohanna.com\/wp-content\/uploads\/2020\/04\/cropped-headerO.png","contentUrl":"https:\/\/www.fincajohanna.com\/wp-content\/uploads\/2020\/04\/cropped-headerO.png","width":989,"height":446,"caption":"Finca Johanna"},"image":{"@id":"https:\/\/www.fincajohanna.com\/de\/#\/schema\/logo\/image\/"},"sameAs":["https:\/\/www.facebook.com\/proyecto.malaga.natura?fref=ts","https:\/\/x.com\/fincajohanna"]}]}},"jetpack_sharing_enabled":true,"description":{"rendered":"<p class=\"attachment\"><a href='https:\/\/www.fincajohanna.com\/wp-content\/uploads\/2015\/09\/Hoteles_-Siete-alojamientos-nudistas-en-Espa\u00f1a-_-El-Viajero-_-EL-PA\u00cdS-Page-1.pdf'>Hoteles_-Siete-alojamientos-nudistas-en-Espa\u00f1a-_-El-Viajero-_-EL-PA\u00cdS-Page-1<\/a><\/p>\n"},"caption":{"rendered":"<p>Hoteles_-Siete-alojamientos-nudistas-en-Espa\u00f1a-_-El-Viajero-_-EL-PA\u00cdS-Page-1<\/p>\n"},"alt_text":"","media_type":"file","mime_type":"application\/pdf","media_details":{},"post":5329,"source_url":"https:\/\/www.fincajohanna.com\/wp-content\/uploads\/2015\/09\/Hoteles_-Siete-alojamientos-nudistas-en-Espa\u00f1a-_-El-Viajero-_-EL-PA\u00cdS-Page-1.pdf","_links":{"self":[{"href":"https:\/\/www.fincajohanna.com\/de\/wp-json\/wp\/v2\/media\/1340"}],"collection":[{"href":"https:\/\/www.fincajohanna.com\/de\/wp-json\/wp\/v2\/media"}],"about":[{"href":"https:\/\/www.fincajohanna.com\/de\/wp-json\/wp\/v2\/types\/attachment"}],"author":[{"embeddable":true,"href":"https:\/\/www.fincajohanna.com\/de\/wp-json\/wp\/v2\/users\/1"}],"replies":[{"embeddable":true,"href":"https:\/\/www.fincajohanna.com\/de\/wp-json\/wp\/v2\/comments?post=1340"}]}}

http://www.fincajohanna.com/wp-content/uploads/2015/09/Hoteles_-Siete-alojamientos-nudistas-en-España-_-El-Viajero-_-EL-PAÍS-Page-1.pdf

Hoteles_-Siete-alojamientos-nudistas-en-España-_-El-Viajero-_-EL-PAÍS-Page-1

<!-- This site is optimized with the Yoast SEO plugin v24.5 - https://yoast.com/wordpress/plugins/seo/ -->
<title>Hoteles_-Siete-alojamientos-nudistas-en-España-_-El-Viajero-_-EL-PAÍS-Page-1 - Finca Johanna</title>
<meta name="robots" content="index, follow, max-snippet:-1, max-image-preview:large, max-video-preview:-1" />
<link rel="canonical" href="https://www.fincajohanna.com/wp-content/uploads/2015/09/Hoteles_-Siete-alojamientos-nudistas-en-España-_-El-Viajero-_-EL-PAÍS-Page-1.pdf" />
<meta property="og:locale" content="de_DE" />
<meta property="og:type" content="article" />
<meta property="og:title" content="Hoteles_-Siete-alojamientos-nudistas-en-España-_-El-Viajero-_-EL-PAÍS-Page-1 - Finca Johanna" />
<meta property="og:description" content="Hoteles_-Siete-alojamientos-nudistas-en-España-_-El-Viajero-_-EL-PAÍS-Page-1" />
<meta property="og:url" content="https://www.fincajohanna.com/wp-content/uploads/2015/09/Hoteles_-Siete-alojamientos-nudistas-en-España-_-El-Viajero-_-EL-PAÍS-Page-1.pdf" />
<meta property="og:site_name" content="Finca Johanna" />
<meta property="article:publisher" content="https://www.facebook.com/proyecto.malaga.natura?fref=ts" />
<script type="application/ld+json" class="yoast-schema-graph">{"@context":"https://schema.org","@graph":[{"@type":"WebPage","@id":"https://www.fincajohanna.com/wp-content/uploads/2015/09/Hoteles_-Siete-alojamientos-nudistas-en-España-_-El-Viajero-_-EL-PAÍS-Page-1.pdf","url":"https://www.fincajohanna.com/wp-content/uploads/2015/09/Hoteles_-Siete-alojamientos-nudistas-en-España-_-El-Viajero-_-EL-PAÍS-Page-1.pdf","name":"Hoteles_-Siete-alojamientos-nudistas-en-España-_-El-Viajero-_-EL-PAÍS-Page-1 - Finca Johanna","isPartOf":{"@id":"https://www.fincajohanna.com/de/#website"},"datePublished":"2015-09-24T15:42:03+00:00","breadcrumb":{"@id":"https://www.fincajohanna.com/wp-content/uploads/2015/09/Hoteles_-Siete-alojamientos-nudistas-en-España-_-El-Viajero-_-EL-PAÍS-Page-1.pdf#breadcrumb"},"inLanguage":"de","potentialAction":[{"@type":"ReadAction","target":["https://www.fincajohanna.com/wp-content/uploads/2015/09/Hoteles_-Siete-alojamientos-nudistas-en-España-_-El-Viajero-_-EL-PAÍS-Page-1.pdf"]}]},{"@type":"BreadcrumbList","@id":"https://www.fincajohanna.com/wp-content/uploads/2015/09/Hoteles_-Siete-alojamientos-nudistas-en-España-_-El-Viajero-_-EL-PAÍS-Page-1.pdf#breadcrumb","itemListElement":[{"@type":"ListItem","position":1,"name":"Accueil","item":"https://www.fincajohanna.com/de/"},{"@type":"ListItem","position":2,"name":"El Pais August 2015","item":"https://www.fincajohanna.com/de/el-pais-august-2015/"},{"@type":"ListItem","position":3,"name":"Hoteles_-Siete-alojamientos-nudistas-en-España-_-El-Viajero-_-EL-PAÍS-Page-1"}]},{"@type":"WebSite","@id":"https://www.fincajohanna.com/de/#website","url":"https://www.fincajohanna.com/de/","name":"Finca Johanna","description":"FKK Gästehaus in Andalusien","publisher":{"@id":"https://www.fincajohanna.com/de/#organization"},"potentialAction":[{"@type":"SearchAction","target":{"@type":"EntryPoint","urlTemplate":"https://www.fincajohanna.com/de/?s={search_term_string}"},"query-input":{"@type":"PropertyValueSpecification","valueRequired":true,"valueName":"search_term_string"}}],"inLanguage":"de"},{"@type":"Organization","@id":"https://www.fincajohanna.com/de/#organization","name":"Finca Johanna","url":"https://www.fincajohanna.com/de/","logo":{"@type":"ImageObject","inLanguage":"de","@id":"https://www.fincajohanna.com/de/#/schema/logo/image/","url":"https://www.fincajohanna.com/wp-content/uploads/2020/04/cropped-headerO.png","contentUrl":"https://www.fincajohanna.com/wp-content/uploads/2020/04/cropped-headerO.png","width":989,"height":446,"caption":"Finca Johanna"},"image":{"@id":"https://www.fincajohanna.com/de/#/schema/logo/image/"},"sameAs":["https://www.facebook.com/proyecto.malaga.natura?fref=ts","https://x.com/fincajohanna"]}]}</script>
<!-- / Yoast SEO plugin. -->

Hoteles_-Siete-alojamientos-nudistas-en-España-_-El-Viajero-_-EL-PAÍS-Page-1 - Finca Johanna

https://www.fincajohanna.com/wp-content/uploads/2015/09/Hoteles_-Siete-alojamientos-nudistas-en-España-_-El-Viajero-_-EL-PAÍS-Page-1.pdf

https://www.fincajohanna.com/wp-content/uploads/2015/09/Hoteles_-Siete-alojamientos-nudistas-en-España-_-El-Viajero-_-EL-PAÍS-Page-1.pdf#breadcrumb

FKK Gästehaus in Andalusien

<p class="attachment"><a href='https://www.fincajohanna.com/wp-content/uploads/2015/09/Hoteles_-Siete-alojamientos-nudistas-en-España-_-El-Viajero-_-EL-PAÍS-Page-1.pdf'>Hoteles_-Siete-alojamientos-nudistas-en-España-_-El-Viajero-_-EL-PAÍS-Page-1</a></p>

<p>Hoteles_-Siete-alojamientos-nudistas-en-España-_-El-Viajero-_-EL-PAÍS-Page-1</p>
